{"id":430,"date":"2014-12-17T22:52:23","date_gmt":"2014-12-17T22:52:23","guid":{"rendered":"http:\/\/solucion-maestra.com\/rayosx\/?page_id=77"},"modified":"2025-05-19T23:33:02","modified_gmt":"2025-05-19T21:33:02","slug":"radiologia-digitalizada","status":"publish","type":"page","link":"https:\/\/rayosxdeoccidente.com\/index.php\/radiologia-digitalizada\/","title":{"rendered":"Radiolog\u00eda digitalizada"},"content":{"rendered":"\n<h2>Radiolog\u00eda Digitalizada<\/h2>\n<div class=\"margen\"><img decoding=\"async\" src=\"http:\/\/rayosxdeoccidente.com\/wp-content\/uploads\/2014\/12\/linea.jpg\" alt=\"\" \/>\n<h3>Radiolog\u00eda General y Digital Contrastada<\/h3>\n<p>\u00a0<\/p>\n<img loading=\"lazy\" decoding=\"async\" class=\"alignnone size-medium wp-image-738\" src=\"https:\/\/rayosxdeoccidente.com\/wp-content\/uploads\/2024\/04\/quienes-somos-rayos-x-300x169.jpg\" alt=\"\" width=\"300\" height=\"169\" srcset=\"https:\/\/rayosxdeoccidente.com\/wp-content\/uploads\/2024\/04\/quienes-somos-rayos-x-300x169.jpg 300w, https:\/\/rayosxdeoccidente.com\/wp-content\/uploads\/2024\/04\/quienes-somos-rayos-x.jpg 350w\" sizes=\"auto, (max-width: 300px) 100vw, 300px\" \/><br \/>\n<p align=\"justify\">\u00a0<\/p>\n<p align=\"justify\">\u00a0<\/p>\n<p align=\"justify\">Nuestros procesos de Imagenolog\u00eda Diagnostica Digitalizada cuentan con la tecnolog\u00eda Radiolog\u00eda Digital Carestream Kodak (CR) y Tele radiolog\u00eda con estaci\u00f3n de trabajo para Mamograf\u00eda Carestream con pantallas de 5Mpx. aprobadas por la FDA, ofreciendo im\u00e1genes de excelente calidad y facilitando la comunicaci\u00f3n entre los pacientes y el personal.<\/p>\n<p align=\"justify\">El innovador sistema de radiograf\u00eda digital captura las im\u00e1genes en placas de f\u00f3sforo, las digitaliza y almacena para acceder a ellas y compartirlas con facilidad. Adem\u00e1s cuenta con ventajas importantes como im\u00e1genes de gran calidad propiciando un diagnostico preciso y confiable, potentes herramientas de gesti\u00f3n de im\u00e1genes (PAC\u00b4s) que facilitan la comunicaci\u00f3n con los usuarios, entidades y personal para una excelente y personalizada atenci\u00f3n.<\/p>\n<p><a style=\"color: #0945a6;\" href=\"preparacion-de-examenes\/\">PREPARACI\u00d3N DE EX\u00c1MENES<\/a><\/p>\n<\/div>\n\n","protected":false},"excerpt":{"rendered":"<p>Radiolog\u00eda Digitalizada Radiolog\u00eda General y Digital Contrastada \u00a0 \u00a0 \u00a0 Nuestros procesos de Imagenolog\u00eda Diagnostica Digitalizada cuentan con la tecnolog\u00eda Radiolog\u00eda Digital Carestream Kodak (CR) y Tele radiolog\u00eda con estaci\u00f3n de trabajo para Mamograf\u00eda Carestream con pantallas de 5Mpx. aprobadas por la FDA, ofreciendo im\u00e1genes de excelente calidad y facilitando la comunicaci\u00f3n entre los pacientes [&#8230;]\n","protected":false},"author":1,"featured_media":0,"parent":0,"menu_order":0,"comment_status":"open","ping_status":"closed","template":"","meta":{"_joinchat":[],"footnotes":""},"class_list":["post-430","page","type-page","status-publish","hentry"],"_links":{"self":[{"href":"https:\/\/rayosxdeoccidente.com\/index.php\/wp-json\/wp\/v2\/pages\/430","targetHints":{"allow":["GET"]}}],"collection":[{"href":"https:\/\/rayosxdeoccidente.com\/index.php\/wp-json\/wp\/v2\/pages"}],"about":[{"href":"https:\/\/rayosxdeoccidente.com\/index.php\/wp-json\/wp\/v2\/types\/page"}],"author":[{"embeddable":true,"href":"https:\/\/rayosxdeoccidente.com\/index.php\/wp-json\/wp\/v2\/users\/1"}],"replies":[{"embeddable":true,"href":"https:\/\/rayosxdeoccidente.com\/index.php\/wp-json\/wp\/v2\/comments?post=430"}],"version-history":[{"count":3,"href":"https:\/\/rayosxdeoccidente.com\/index.php\/wp-json\/wp\/v2\/pages\/430\/revisions"}],"predecessor-version":[{"id":1167,"href":"https:\/\/rayosxdeoccidente.com\/index.php\/wp-json\/wp\/v2\/pages\/430\/revisions\/1167"}],"wp:attachment":[{"href":"https:\/\/rayosxdeoccidente.com\/index.php\/wp-json\/wp\/v2\/media?parent=430"}],"curies":[{"name":"wp","href":"https:\/\/api.w.org\/{rel}","templated":true}]}}