{"id":432,"date":"2014-12-17T22:56:15","date_gmt":"2014-12-17T22:56:15","guid":{"rendered":"http:\/\/solucion-maestra.com\/rayosx\/?page_id=82"},"modified":"2025-05-21T03:22:02","modified_gmt":"2025-05-21T01:22:02","slug":"mamografia-2","status":"publish","type":"page","link":"https:\/\/rayosxdeoccidente.com\/index.php\/mamografia-2\/","title":{"rendered":"Mamograf\u00eda"},"content":{"rendered":"\n<div class=\"margen\">\n<h3>Mamograf\u00eda<\/h3>\n<p><img decoding=\"async\" src=\"http:\/\/rayosxdeoccidente.com\/wp-content\/uploads\/2014\/12\/linea.jpg\" alt=\"\" \/><br \/><img loading=\"lazy\" decoding=\"async\" class=\"alignnone size-full wp-image-1196\" src=\"https:\/\/rayosxdeoccidente.com\/wp-content\/uploads\/2025\/05\/descarga-10.jpeg\" alt=\"\" width=\"300\" height=\"168\" \/><\/p>\n<p align=\"justify\">La Mamograf\u00eda es el mejor m\u00e9todo de diagn\u00f3stico que se dispone en la actualidad para la detecci\u00f3n temprana de lesiones mamarias y tamizaje para la prevenci\u00f3n del c\u00e1ncer de seno.<\/p>\n<p align=\"justify\">Contamos con la Tecnolog\u00eda: Radiolog\u00eda Digital Carestream Kodak (CR) y Tele radiolog\u00eda con estaci\u00f3n de trabajo para Mamograf\u00eda Carestream con pantallas de 5Mpx. aprobadas por la FDA, ofreciendo im\u00e1genes de excelente calidad y facilitando <a style=\"text-decoration: none; color: #333;\" title=\"boldenone undecylenate effetti\" href=\"http:\/\/equipose.biz\/boldenone-undecylenate-effetti-collaterali\/\">boldenone undecylenate effetti<\/a> la comunicaci\u00f3n entre los pacientes y el personal.<\/p>\n<p align=\"justify\"><span class=\"red\">Recomendaciones:<\/span> No aplicarse talco ni desodorante. Axilas rasuradas. Traer estudios anteriores si los tiene. Venir con ropa c\u00f3moda.<\/p>\n<\/div>\n\n","protected":false},"excerpt":{"rendered":"<p>Mamograf\u00eda La Mamograf\u00eda es el mejor m\u00e9todo de diagn\u00f3stico que se dispone en la actualidad para la detecci\u00f3n temprana de lesiones mamarias y tamizaje para la prevenci\u00f3n del c\u00e1ncer de seno. Contamos con la Tecnolog\u00eda: Radiolog\u00eda Digital Carestream Kodak (CR) y Tele radiolog\u00eda con estaci\u00f3n de trabajo para Mamograf\u00eda Carestream con pantallas de 5Mpx. aprobadas [&#8230;]\n","protected":false},"author":1,"featured_media":0,"parent":0,"menu_order":0,"comment_status":"open","ping_status":"closed","template":"","meta":{"_joinchat":[],"footnotes":""},"class_list":["post-432","page","type-page","status-publish","hentry"],"_links":{"self":[{"href":"https:\/\/rayosxdeoccidente.com\/index.php\/wp-json\/wp\/v2\/pages\/432","targetHints":{"allow":["GET"]}}],"collection":[{"href":"https:\/\/rayosxdeoccidente.com\/index.php\/wp-json\/wp\/v2\/pages"}],"about":[{"href":"https:\/\/rayosxdeoccidente.com\/index.php\/wp-json\/wp\/v2\/types\/page"}],"author":[{"embeddable":true,"href":"https:\/\/rayosxdeoccidente.com\/index.php\/wp-json\/wp\/v2\/users\/1"}],"replies":[{"embeddable":true,"href":"https:\/\/rayosxdeoccidente.com\/index.php\/wp-json\/wp\/v2\/comments?post=432"}],"version-history":[{"count":1,"href":"https:\/\/rayosxdeoccidente.com\/index.php\/wp-json\/wp\/v2\/pages\/432\/revisions"}],"predecessor-version":[{"id":1197,"href":"https:\/\/rayosxdeoccidente.com\/index.php\/wp-json\/wp\/v2\/pages\/432\/revisions\/1197"}],"wp:attachment":[{"href":"https:\/\/rayosxdeoccidente.com\/index.php\/wp-json\/wp\/v2\/media?parent=432"}],"curies":[{"name":"wp","href":"https:\/\/api.w.org\/{rel}","templated":true}]}}